the greatest common factor of 426000 and 925.
25
What is the highest common divisor of 535030080 and 78?
78
Calculate the greatest common factor of 308 and 4032567.
77
What is the highest common divisor of 433212912 and 5566?
5566
Calculate the highest common factor of 7734240 and 144.
144
What is the greatest common divisor of 23544825 and 150?
75
Calculate the greatest common divisor of 5960275 and 15.
5
Calculate the greatest common factor of 2806505 and 585.
65
What is the greatest common divisor of 116140 and 9840?
20
What is the greatest common factor of 443 and 36102285?
443
Calculate the highest common divisor of 5 and 3926435.
5
Calculate the greatest common factor of 162180 and 5073690.
1590
Calculate the highest common factor of 85693 and 4757.
67
Calculate the greatest common factor of 7604288 and 134144.
8384
What is the greatest common divisor of 2193 and 10356077?
731
Calculate the greatest common factor of 638 and 427526.
22
What is the highest common divisor of 18909 and 498861?
99
Calculate the highest common divisor of 1180 and 45730.
10
Calculate the highest common factor of 209 and 6360079.
209
Calculate the highest common divisor of 58 and 13686782.
58
Calculate the highest common factor of 454128 and 108.
12
Calculate the greatest common divisor of 147 and 772239.
3
What is the greatest common divisor of 112 and 3612728?
56
What is the greatest common factor of 6974 and 622072?
22
Calculate the highest common factor of 1914 and 13802811.
957
What is the greatest common factor of 8592562 and 66?
22
What is the greatest common divisor of 168493 and 101694?
997
What is the highest common divisor of 1780 and 4399270?
890
Calculate the highest common factor of 1181953 and 13833.
1537
What is the greatest common divisor of 97570 and 21208?
22
What is the greatest common divisor of 801 and 5776011?
801
What is the highest common divisor of 7285 and 419381?
47
Calculate the highest common factor of 39819 and 71097.
39
What is the highest common divisor of 63 and 6949458?
9
What is the greatest common divisor of 1725 and 41128025?
575
What is the highest common factor of 51560 and 125920?
40
What is the highest common divisor of 3271519484 and 76?
76
What is the greatest common factor of 569258 and 13518?
1502
Calculate the greatest common divisor of 1173 and 606533.
23
What is the greatest common divisor of 8661366 and 10494?
954
Calculate the highest common divisor of 936 and 430209.
117
What is the highest common factor of 6 and 4142559?
3
What is the highest common divisor of 2486126 and 15842?
178
Calculate the greatest common factor of 328 and 91606448.
8
What is the greatest common factor of 23644974 and 5298?
5298
What is the greatest common factor of 2314209 and 33?
3
Calculate the highest common factor of 26619560 and 26765.
505
Calculate the highest common factor of 513 and 4667977.
19
Calculate the greatest common factor of 197442484 and 1.
1
What is the greatest common divisor of 3289882 and 1130?
226
What is the highest common factor of 33459 and 5228409?
1761
What is the highest common factor of 266 and 62947346?
14
What is the highest common divisor of 235354755 and 3945?
3945
Calculate the greatest common divisor of 212528 and 351796.
148
Calculate the highest common divisor of 2286128 and 2639.
377
Calculate the greatest common factor of 1148469854 and 14.
14
What is the greatest common factor of 1477832 and 15352?
808
What is the greatest common factor of 827216 and 10318880?
8528
Calculate the highest common divisor of 59940 and 8790.
30
What is the highest common factor of 73685529 and 1074?
537
Calculate the highest common factor of 2362775 and 1090.
5
Calculate the greatest common factor of 1504 and 734093.
47
Calculate the highest common divisor of 29704 and 25427.
47
What is the greatest common divisor of 403 and 29375879?
403
What is the highest common divisor of 54205779 and 69?
69
Calculate the highest common divisor of 25379 and 2610323.
619
Calculate the greatest common factor of 133900 and 35620.
260
What is the greatest common factor of 757950 and 164300?
1550
What is the greatest common factor of 6942100 and 2684?
44
Calculate the highest common factor of 1218720 and 5360.
80
Calculate the highest common divisor of 620287164 and 12.
12
Calculate the greatest common factor of 4564300 and 21320.
260
Calculate the greatest common factor of 17968194 and 43746.
1902
What is the highest common divisor of 69256652 and 964?
964
Calculate the highest common factor of 19389996 and 944.
236
Calculate the greatest common divisor of 26202 and 5233254.
2382
What is the greatest common factor of 780 and 561891200?
260
What is the highest common factor of 2256 and 149310822?
282
What is the highest common factor of 226969 and 12361?
263
What is the highest common divisor of 9204 and 129636?
156
What is the greatest common divisor of 3320 and 5675630?
10
Calculate the greatest common factor of 152 and 572848879.
19
What is the greatest common factor of 16107 and 3648147?
177
What is the highest common divisor of 271962509 and 65?
13
What is the greatest common factor of 1362 and 11180658?
1362
Calculate the greatest common factor of 60374 and 86.
2
Calculate the greatest common divisor of 1733010 and 183.
183
Calculate the highest common factor of 14532200 and 200.
200
Calculate the highest common divisor of 1425 and 17075805.
15
What is the highest common divisor of 7119150 and 102300?
4650
Calculate the greatest common factor of 609234 and 43896.
354
Calculate the greatest common divisor of 305864 and 4096.
8
What is the highest common factor of 667958310 and 60?
30
Calculate the highest common divisor of 12628718 and 186.
62
What is the greatest common divisor of 23327727 and 11184?
699
Calculate the greatest common factor of 3157460 and 20.
20
Calculate the greatest common factor of 14277025 and 315.
35
What is the highest common factor of 66819741 and 87261?
1479
What is the greatest common factor of 33 and 47330547?
33
Calculate the highest common divisor of 1378 and 478153.
13
What is the greatest common divisor of 90 and 9797570?
10
What is the highest common divisor of 50907214 and 1598?
34
What is the greatest common divisor of 45 and 4664915?
5
What is the highest common divisor of 6300 and 3327452100?
6300
Calculate the highest common factor of 17925200 and 150.
50
Calculate the highest common factor of 2894933 and 1010437.
6199
Calculate the greatest common factor of 21407077 and 559.
43
Calculate the greatest common factor of 913576 and 2680.
8
What is the highest common divisor of 22264287 and 579?
579
What is the greatest common factor of 1716 and 1605864?
156
What is the highest common divisor of 578896 and 5441312?
1552
What is the highest common factor of 412828 and 129676?
68
Calculate the highest common factor of 1208 and 67779068.
604
What is the greatest common factor of 3691764 and 756?
108
Calculate the greatest common divisor of 25 and 427053325.
25
Calculate the highest common divisor of 464 and 30968984.
232
Calculate the highest common factor of 169979 and 2440594.
2537
What is the highest common divisor of 3042699 and 6072?
33
What is the highest common factor of 284488 and 95288?
344
Calculate the highest common divisor of 1380 and 12143862.
138
What is the highest common factor of 61785 and 120195?
45
What is the greatest common factor of 255 and 11332345?
5
What is the greatest common divisor of 9413 and 2866474999?
9413
Calculate the greatest common factor of 1050 and 3333675.
75
What is the greatest common divisor of 8285696 and 224?
32
What is the highest common factor of 26384 and 317165168?
1552
Calculate the highest common divisor of 112031936 and 256.
64
What is the highest common factor of 104338 and 18694?
26
Calculate the greatest common divisor of 131007905 and 245.
35
Calculate the greatest common divisor of 105125920 and 103.
103
Calculate the highest common factor of 94548208 and 2256.
752
Calculate the greatest common factor of 5162527 and 1504.
47
Calculate the greatest common factor of 68 and 3909898.
34
Calculate the highest common divisor of 541980 and 370440.
180
Calculate the greatest common factor of 94 and 14340593.
47
Calculate the highest common factor